0 and 10.
10
Calculate the highest common divisor of 198 and 2988238.
22
What is the highest common divisor of 119475 and 1150?
25
What is the greatest common factor of 108150 and 11955?
15
Calculate the highest common factor of 8519372 and 1102.
38
Calculate the highest common divisor of 43572 and 2652.
12
Calculate the greatest common factor of 456 and 5151912.
24
What is the highest common factor of 4150 and 12981366?
166
What is the highest common divisor of 39463 and 913539?
589
What is the greatest common divisor of 9647512 and 2891?
49
What is the highest common divisor of 15007470 and 90?
30
What is the highest common divisor of 30566 and 35009902?
986
Calculate the highest common factor of 244197 and 34959.
129
What is the highest common divisor of 37214268 and 1929?
1929
What is the greatest common divisor of 192153 and 7959?
1137
Calculate the greatest common factor of 10 and 1244318.
2
Calculate the highest common divisor of 110 and 184820680.
110
What is the highest common divisor of 12 and 23555148?
12
Calculate the highest common divisor of 19888 and 64863808.
1808
Calculate the greatest common divisor of 84916378 and 62.
62
What is the highest common factor of 11988 and 4221108?
1332
Calculate the greatest common factor of 1549802 and 19.
1
Calculate the highest common factor of 288933537 and 471.
471
What is the greatest common factor of 2040 and 9575080?
680
Calculate the greatest common divisor of 38800 and 239784.
776
What is the highest common divisor of 717756 and 37236?
1284
What is the highest common divisor of 382 and 90188?
2
What is the greatest common divisor of 409520417 and 712?
89
What is the highest common factor of 7974896 and 8784?
976
What is the greatest common divisor of 328335 and 27?
3
Calculate the greatest common factor of 5336565 and 13.
13
What is the greatest common factor of 1370 and 3756890?
10
What is the greatest common factor of 703931 and 2565?
19
Calculate the greatest common divisor of 123600 and 522525.
75
What is the greatest common factor of 551 and 8082416?
29
What is the highest common divisor of 707816418 and 1527?
1527
Calculate the highest common divisor of 3965 and 88465.
65
What is the highest common factor of 1334092 and 5842?
46
What is the greatest common factor of 248 and 47218?
2
What is the greatest common factor of 392 and 3022859?
49
What is the highest common factor of 13593 and 116196?
69
What is the highest common factor of 21827599 and 7144?
893
What is the greatest common divisor of 788447 and 767789?
3443
What is the greatest common divisor of 7952328 and 18834?
438
What is the greatest common factor of 2497264 and 23408?
1232
What is the highest common divisor of 45 and 663595?
5
What is the greatest common factor of 1549686 and 63087?
51
What is the highest common factor of 47184 and 3792?
48
Calculate the highest common divisor of 41720 and 9502360.
280
Calculate the greatest common factor of 320665 and 28910.
295
What is the highest common factor of 33687518 and 194?
194
What is the highest common divisor of 1110305648 and 16?
16
What is the highest common factor of 2558 and 78740356?
2558
What is the greatest common divisor of 227128 and 121040?
712
Calculate the highest common factor of 7864 and 144.
8
What is the highest common divisor of 6 and 121309998?
6
What is the highest common divisor of 74536761 and 117?
39
Calculate the greatest common divisor of 5698906144 and 736.
736
What is the greatest common divisor of 61919958 and 744?
186
What is the greatest common factor of 4704 and 9545592?
1176
Calculate the greatest common divisor of 10 and 20751990.
10
Calculate the highest common factor of 16896100 and 13.
13
Calculate the greatest common divisor of 6506 and 325449638.
6506
Calculate the highest common divisor of 2925429 and 12948.
39
Calculate the greatest common divisor of 1880 and 38313460.
940
Calculate the greatest common factor of 247 and 178466639.
247
What is the highest common divisor of 18049155 and 16983?
1887
Calculate the highest common divisor of 6255 and 6274460.
695
Calculate the highest common factor of 1218 and 12218628.
174
Calculate the highest common divisor of 35 and 41156045.
35
What is the greatest common divisor of 30759068 and 496?
124
What is the highest common factor of 20764 and 19836?
116
Calculate the greatest common factor of 6601672 and 4704.
392
Calculate the highest common divisor of 2975 and 2400468.
119
Calculate the greatest common factor of 170007 and 3294.
183
What is the greatest common factor of 18501440 and 680000?
5440
What is the greatest common divisor of 63 and 8189293?
7
Calculate the greatest common divisor of 82410 and 140835.
615
Calculate the highest common divisor of 8797856 and 18242.
2606
What is the highest common factor of 1205548 and 30970?
326
What is the greatest common divisor of 6564 and 112205563?
547
What is the greatest common factor of 14373105 and 647?
647
Calculate the greatest common divisor of 1190880 and 1573920.
1440
What is the highest common factor of 440 and 80087084?
44
What is the highest common divisor of 60 and 30341970?
30
What is the highest common divisor of 633437 and 84371?
119
What is the highest common factor of 49838208 and 1920?
384
Calculate the highest common divisor of 733236 and 1748208.
3612
Calculate the greatest common divisor of 1222 and 7682526.
94
What is the greatest common divisor of 33192 and 1444050?
18
What is the highest common factor of 6 and 97750622?
2
What is the greatest common divisor of 320502 and 2392?
26
What is the highest common factor of 5516710 and 70?
10
Calculate the highest common factor of 84160951 and 71848.
8981
What is the highest common factor of 357594 and 16890?
6
What is the greatest common divisor of 2382889 and 380717?
317
Calculate the greatest common factor of 64185530 and 19280.
2410
What is the greatest common factor of 359121 and 173215?
343
Calculate the greatest common divisor of 10850 and 231322.
434
What is the highest common divisor of 1442434 and 295106?
2758
What is the greatest common factor of 9167 and 11932675?
89
Calculate the greatest common factor of 1971468 and 10442.
46
Calculate the highest common factor of 223 and 9202.
1
What is the greatest common factor of 130 and 65920790?
130
Calculate the highest common divisor of 39696 and 1125.
3
What is the highest common divisor of 295 and 948307?
59
Calculate the highest common divisor of 21245 and 79749481.
4249
Calculate the greatest common divisor of 27093 and 34815.
33
What is the greatest common factor of 1632456 and 5904?
2952
Calculate the greatest common divisor of 19048400 and 2200.
200
What is the greatest common divisor of 25741500 and 14400?
300
What is the highest common divisor of 1430193 and 5568?
87
What is the greatest common divisor of 1421 and 30031071?
49
What is the greatest common factor of 336 and 122974488?
168
What is the highest common factor of 373788642 and 2724?
1362
What is the highest common factor of 2461 and 14276261?
2461
Calculate the greatest common factor of 307717862 and 17872.
2234
What is the greatest common factor of 86323860 and 56?
28
Calculate the greatest common divisor of 4278150 and 300.
150
What is the highest common divisor of 4200 and 2074100?
700
What is the highest common factor of 2563514 and 1730?
346
What is the highest common factor of 1798341469 and 19?
19
Calculate the greatest common divisor of 447 and 14316963.
447
What is the greatest common factor of 27436672 and 1136?
1136
What is the greatest common divisor of 2587536 and 910?
14
Calculate the greatest common factor of 657 and 49372893.
657
Calculate the greatest common factor of 14 and 354980556.
14
What is the greatest common divisor of 44722185 and 615?
615
Calculate the greatest common divisor of 1221 and 110445.
111
What is the greatest common divisor of 16236 and 58302?
738
What is the greatest common factor of 494921664 and 5184?
5184
What is the greatest common divisor of 1168 and 2231312?
16
What is the greatest common factor of 5624 and 9192132?
148
Calculate the greatest common factor of 35152 and 33462.
338
What is the greatest common divisor of 38407 and 9555383?
199
What is the greatest common factor of 392 and 5435423?
49
What is